tive of 1/3*z**3 + 5*z - 4*z**2 + 166. Give o(6).
-7
Let k(l) be the third derivative of l**6/120 + l**5/6 + l**4/2 + 6*l**3 - 1439*l**2. Calculate k(-9).
9
Let v(i) = 4*i + 2. Let g = 5 - 6. Let p(c) = -c**2 - 4*c - 3. Let r be p(g). Let z be v(r). Let h(a) = 2*a - 3. What is h(z)?
1
Let l(p) = p**3 - 6*p**2 + 4*p + 7. Suppose 3*h = 3*x - 90 + 48, -2*x + 3*h = -37. Calculate l(x).
2
Let g = -70 + 73. Suppose g*k - 20 + 8 = 0. Suppose 14 - 22 = k*w. Let o(v) = -9*v - 1. What is o(w)?
17
Suppose 4*d - 9 = -1. Let x be 0/d + 0/(-1). Let i = x + 3. Let t(s) = s**3 - s**2 - 5*s + 4. Give t(i).
7
Let f(u) be the third derivative of 0*u**4 - 5/6*u**3 + 1/60*u**5 - 27*u**2 - 2*u + 0. Calculate f(-6).
31
Let o(b) = 11523761*b + b**3 - 2 + 5*b**2 - 11523756*b + 0*b**3. Calculate o(-3).
1
Let d(v) = 7*v**3 - 30*v**2 - 23*v + 29. Let o(r) = 8*r**3 - 36*r**2 - 24*r + 33. Let i(k) = 7*d(k) - 6*o(k). Calculate i(3).
35
Let x(i) be the second derivative of 0*i**2 + 1/6*i**3 + 2 + 2*i. Determine x(4).
4
Let z be ((-80)/(-28) + -2)/(3/14). Let f(y) = 2*y**3 - 12*y**2 + 19*y - 4. Determine f(z).
8
Let i(p) be the third derivative of -p**4/8 - p**3/6 + 159*p**2 - 2. Suppose -25 = 2*x - 5*a, -x + 3*a = -0*x + 14. Let o be x + (-3)/(-6)*2. Calculate i(o).
11
Let j(a) be the second derivative of -a**8/6720 - a**7/360 + a**6/720 - a**5/30 - 11*a**4/6 - 7*a. Let c(t) be the third derivative of j(t). What is c(-7)?
-11
Let g(c) be the third derivative of c**4/4 - 57*c**3/2 + 640*c**2. Determine g(28).
-3
Let h = -31 + 15. Let j = -8 - h. Let u be (j/(-6) - -1)/(2/30). Let b(o) = o**2 + 6*o - 2. Calculate b(u).
-7
Let l(b) = 5*b**3 - 8*b**2 + 7*b + 58. Let i(t) = 14*t**3 - 23*t**2 + 20*t + 165. Let z(c) = 6*i(c) - 17*l(c). Give z(-2).
2
Let h(f) = -37 + 9 - 22*f - 64. Calculate h(-5).
18
Let b(u) = -2*u - 17 + u - u**2 - 18 - 2*u + 34. Let w be 0 - ((-4)/2 + 7). Determine b(w).
-11
Suppose -4*d + 5*z - 94 = -7*d, -d + 22 = -3*z. Suppose -2*m = -3*v - d, 2*v + 4*m = v + 14. Let j(y) = -y**3 - 7*y**2 - 4*y - 4. Give j(v).
-16
Let h be ((-6)/(-27)*-1 + (-248)/(-279))*3. Let m(x) = -3*x**3 + 3*x**2 - x + 3. What is m(h)?
-11
Let p(b) = 459*b**2 - 36*b + 75. Let x(u) = 212*u**2 - 18*u + 38. Let l(a) = -6*p(a) + 13*x(a). Determine l(6).
8
Suppose -4*g - 4*t - 15 = -3, 2*t = 3*g - 6. Suppose g = -4*n - 4, m + 0*n + 3*n - 2 = 0. Suppose -4*w + m*w = -10. Let x(k) = k**2 + 10*k - 10. What is x(w)?
-10
Let f(a) = -a**3 + 5*a**2 + 6*a + 5. Let s be (4*3)/(1/2). Let t(h) = 39*h**2 - 16*h**2 - 7*h**3 - s*h**2. Let m be t(-1). Give f(m).
5
Let h(g) = 7*g - 292. Suppose -9840 = -240*l - 0*l. What is h(l)?
-5
Let x be (-247)/91 - 22/77. Let l(o) = -2*o**2 - o + 4. Calculate l(x).
-11
Let n be -4 - -16*(3 - 2). Suppose 6*d = 8*d - n. Let u(w) = 6*w**2 - 2*w**3 - 2 + w**3 + 0*w**3. Calculate u(d).
-2
Let a(f) be the second derivative of 1/6*f**3 - 20*f - 2 + 4*f**2. Give a(-6).
2
Let w(a) be the third derivative of a**6/180 + a**5/40 - 49*a**4/24 + 66*a**2. Let d(t) be the second derivative of w(t). What is d(-3)?
-9
Let i(k) = -7*k - 13. Let o be i(2). Let y = -18 - 4. Let r = o - y. Let w(x) = x + 1. Determine w(r).
-4
Let f(u) = -u**2 - 5*u + 5. Let d be f(-5). Let i be (84/20 - d)/(4/(-10)). Let w(t) = t**i - 30*t + 71*t - 36*t - 3. Calculate w(-4).
-7
Let t = -62 + 64. Let a(l) = -3*l - 2*l**3 + 3 - 20*l**t + 25*l**2 + l**3. Let s = -33 + 37. Determine a(s).
7
Let a be ((-104)/12)/(2/(-6)). Suppose 61 = 3*v - a. Let b = v + -35. Let x(r) = -r**3 - 6*r**2 + 8. Determine x(b).
8
Let c(t) = 3*t + 17. Suppose -8*r - 10 + 24 = -42. What is c(r)?
38
Let j(r) = 7*r + 55. Let f(p) = -6*p**3 - 81*p + 79. Let d be f(1). What is j(d)?
-1
Let r(c) = 16*c - 2. Let k(x) = 80*x - 10. Let b = 606 - 604. Let n(g) = b*k(g) - 11*r(g). Give n(-2).
34
Let q(h) = h**2 + 3*h + 4. Suppose -523 = -5*x + 102. Suppose -11*n - x = 14*n. Determine q(n).
14
Let q = -12721 + 12715. Let k(t) = -t**2 - 8*t - 16. Give k(q).
-4
Let a(w) = 13*w + 15. Let m(p) = -40*p - 44. Let x(y) = -16*a(y) - 5*m(y). Determine x(-6).
28
Let m = 378 - 384. Let k(d) = 2*d**3. Let a(q) = 13*q**3 - 4*q**2 - q + 4. Let i(u) = m*k(u) + a(u). Calculate i(3).
-8
Let b(m) be the first derivative of -m**4 - m**2/2 - 4*m + 1933. Calculate b(2).
-38
Let h(x) = x + 0*x**2 - x**2 + 4*x - 2. Suppose -d - d - 2365 = -2379. Give h(d).
-16
Suppose -12*k = -22*k + 420. Let h(n) = -18 + n + k - 15. Determine h(-9).
0
Let n(q) be the third derivative of q**6/120 + 2*q**5/15 + 7*q**4/24 + q**3 + 2*q**2 - 21*q. Give n(-6).
36
Suppose -g = g - 4. Let a(b) = 4 + g*b - b - 1 + 0*b. Let m be a(-11). Let u(q) = q + 3. What is u(m)?
-5
Let a = 257 + -209. Let c(i) = -a - 5*i + 45 + 4*i. Give c(6).
-9
Let g = -5 - -8. Let y(v) = -9*v**3 + v**2 - 18*v - 8. Let z(d) = 13*d**3 - 2*d**2 + 26*d + 12. Let s(x) = -10*y(x) - 7*z(x). Give s(g).
-1
Let w(i) be the second derivative of -i**4/12 + i**3 - 7*i**2/2 - 206*i - 4. Suppose -3*t = p - 2*p - 13, 2*p = -3*t + 28. Calculate w(t).
-7
Suppose 2*m + 20 = -12. Let c = -63 - m. Let x be c/(-7) + 54/189. Let r(l) = -l**2 + 8*l - 9. Give r(x).
-2
Let k(a) = 18*a + 256. Let u(w) = -8*w - 121. Let j(o) = 5*k(o) + 11*u(o). Determine j(25).
-1
Let i(h) = -h**3 + 3*h**2 + h. Let v be (-37)/2*(24/(-4) - -4). Suppose -4*l = 5*w - v, 5 = -5*l - w + 25. Determine i(l).
3
Suppose y = -3*u + 4 + 2, 0 = -3*y - 4*u + 33. Suppose -y*t + 235 = -10*t. Suppose 42*g + 25 = t*g. Let v(c) = -c**3 + 4*c**2 + 5*c + 5. Give v(g).
5
Let l(g) = g**3 + g**2. Let v be 5 + 21/(-3) - -5. Let q be (-2)/v*33/22. Determine l(q).
0
Let p be (-212)/318*30/4. Let n(k) = -22*k + 2. Determine n(p).
112
Let u(v) = -v**2 + 5 + 19*v + 5*v + 9*v - 3*v - 21*v. Determine u(0).
5
Let c = 56 + -60. Let w(f) = -6*f**3 - 10*f**3 + 2*f + 17*f**3 - 16 + 4*f**2 + 11. Determine w(c).
-13
Let b = 179 + -178. Let f(g) = -2*g**2 + 1. Let t(l) = -21*l**2 - l + 2. Let x(i) = -f(i) + t(i). Give x(b).
-19
Let k(i) = i**3 - 57*i**2 + 51*i + 292. Let g be k(56). Let b(t) = 2*t**2 - 21*t - 2. Calculate b(g).
34
Let d(j) = -j**2 - 26*j - 27. Let n = -4289 + 4264. What is d(n)?
-2
Let z(o) = o**2 - 5*o + 6. Let i be z(4). Let j(c) = 4*c**i - c**3 + 4 + 5*c - c**2 + 3*c**2. Let m = -297230 - -297237. Calculate j(m).
-10
Let r(c) = -127 - 102*c - 102*c + 197*c. Determine r(-18).
-1
Let o(d) = -9*d**3 - 22*d**2 + 11*d + 33. Let h(c) = -11*c**3 - 24*c**2 + 10*c + 40. Let l(n) = 5*h(n) - 6*o(n). Give l(11).
-53
Suppose -126 = -11*y - 10*y. Let x be ((-10)/2 + 9 - y)*4. Let g(w) be the first derivative of w**4/4 + 7*w**3/3 - 3*w**2 + 9*w + 2. Give g(x).
-7
Let v(z) = -3*z**2 + 18*z - 9. Let s be 48/42 - 48/(-7). What is v(s)?
-57
Let u(l) = l + 4. Suppose -12*w - 726 = 222. Let g = -73 - w. Calculate u(g).
10
Suppose 2*x - 357 = -353. Let a(j) = -x + 1439*j**3 - 4*j + 3*j**2 + 0 - 1438*j**3. Give a(-4).
-2
Let b = 3111 + -3108. Let v(x) = -7*x. Determine v(b).
-21
Let a(s) = 5*s**3 + s**2 - 6. Let t(d) = 5*d**3 + d**2 - 7. Let h(m) = 7*a(m) - 6*t(m). Let w be ((-15)/9)/((-49)/((-12642)/215)). Determine h(w).
-36
Let j(h) = -h**2 + 32*h - 185. Let t = -16246 - -16270. What is j(t)?
7
Suppose 0 = -0*c - 2*c - 5*k, -2*k = c. Suppose -8 = -c*g - 2*g. Let h(i) = -6*i + 5*i - 3*i + i**2 + 0*i**2 + 1. Calculate h(g).
1
Let u(z) = -z**2 + 3*z. Let m(x) = -x**3 + 4*x**2 - 5*x + 5. Let o be m(3). Let p be 4*o/(-5)*(-45)/2. Let d = -15 - p. Determine u(d).
0
Let x(o) = -o**2 - 6*o. Let j(p) = 2*p**2 + 12*p. Let m(k) = 2*j(k) + 5*x(k). Let z be 6591/8788 - 31/4. Determine m(z).
-7
Suppose -36 + 0 = -9*z. Let d be z/(12/(-15)) - (0 + -3). Let y(k) = -k**3 - 2*k**2. Give y(d).
0
Suppose 2*o = 2*f + 4, -4*o = -3*f + 4*f + 2. Let l(u) = 5*u + 18. Let c(x) = -511 + 12*x - 544 + 1092. Let p(y) = 2*c(y) - 5*l(y). Determine p(o).
-16
Let z(d) = -d - 1. Suppose 4*c = 8*c - 20. Suppose c*k - 127 - 23 = 0. Suppose -23*q - k = -18*q. Calculate z(q).
5
Let k(d) = 39*d + 7142 + 4*d**2 - 16*d - d**3 - 18*d - 7144. Let r be (7 + -2)/(1 + 0). Give k(r).
-2
Let t(a) = 2*a**3 + 2*a**2 - a**3 + 7 + 13*a**2 - 14 - 30*a - 4*a. Calculate t(-17).
-7
Suppose 64490*d - 144 = 64466*d. Let c(x) be the third derivative of 1/10*x**5 - x**3 + 1/24*x**4 + 0 + 0*x - x**2 - 1/120*x**6. What is c(d)?
0
Suppose a - 8 + 9 = 0. Let m(